{"id":3,"date":"2024-05-09T20:48:51","date_gmt":"2024-05-09T20:48:51","guid":{"rendered":"https:\/\/puntoderma.com.mx\/miguel-aleman\/miguel-aleman-copia\/?page_id=3"},"modified":"2025-07-30T10:33:56","modified_gmt":"2025-07-30T16:33:56","slug":"politica-privacidad","status":"publish","type":"page","link":"https:\/\/puntoderma.com.mx\/miguel-aleman\/politica-privacidad\/","title":{"rendered":"Pol\u00edtica de privacidad"},"content":{"rendered":"\r\n<p class=\"p1\">DERPOINT S.A. de C.V.<\/p>\r\n<p class=\"p4\">Por medio del presente Aviso de Privacidad, DERPOINT, S.A. DE C.V. as\u00ed como sus dem\u00e1s empresas filiales, subsidiarias (\u201cen lo sucesivo, \u201c<span class=\"s1\">Punto Derma<\/span>\u201d) con fundamento en los art\u00edculos 6, 7, 8 y 9 de la Ley Federal de Protecci\u00f3n de Datos Personales en Posesi\u00f3n de Particulares (la \u201c<span class=\"s1\">Ley<\/span>\u201d) y en cumplimiento de lo dispuesto por los art\u00edculos 15 y 16 de dicha Ley, as\u00ed como los art\u00edculos 12, 15, 26 y 27 del Reglamento de la Ley (el \u201c<span class=\"s1\">Reglamento<\/span>\u201d), emitimos el siguiente Aviso de Privacidad.<\/p>\r\n<p class=\"p5\">Este Aviso de Privacidad tiene como finalidad hacer de su conocimiento el uso y finalidad de los datos que recabamos (los \u201c<span class=\"s1\">Datos Personales<\/span>\u201d)\u00a0del paciente y\/o cliente,\u00a0el encargado de su protecci\u00f3n y los medios y formas para hacer valer sus derechos de Acceso, Rectificaci\u00f3n, Cancelaci\u00f3n u Oposici\u00f3n (los \u201c<span class=\"s1\">Derechos ARCO<\/span>\u201d), por lo cual, le recomendamos que lea atentamente la informaci\u00f3n\u00a0aqu\u00ed establecida.<\/p>\r\n<p class=\"p5\">Le informamos que <span class=\"s1\">Punto Derma<\/span> cumple con el manejo leg\u00edtimo, controlado, seguro e informado de sus Datos Personales, por lo que le reiteramos nuestro compromiso con su privacidad y el derecho a la autodeterminaci\u00f3n informativa. El presente Aviso de Privacidad se pone a disposici\u00f3n del paciente y\/o cliente, en su car\u00e1cter de titular de los Datos Personales sujetos a tratamiento, que en este acto proporciona, entrega, da a conocer y\/o revela a <span class=\"s1\">Punto Derma<\/span>, derivado de los servicios de Dermatolog\u00eda Medica, Dermacosm\u00e9tica y Cirug\u00eda Dermatol\u00f3gica que esta \u00faltima le presta<span class=\"s2\">.<\/span><\/p>\r\n<p class=\"p5\"><b>I. RESPONSABLE DEL TRATAMIENTO DE SUS DATOS PERSONALES.<\/b><\/p>\r\n<p class=\"p6\">DERPOINT, S.A. DE C.V. en lo sucesivo la \u201c<span class=\"s1\">Empresa<\/span>\u201d o \u201c<span class=\"s1\">Punto Derma<\/span>\u201d, con domicilio en calle en AV. MIGUEL ALEMAN 120 1 L19, PARQUE INDUSTRIAL MILIMEX, CIUDAD APODACA, C.P. <span class=\"LrzXr\">66637<\/span>, Nuevo Le\u00f3n., M\u00e9xico y portal de internet <span class=\"s3\">www.<\/span>puntoderma.com.mx\/miguel-aleman\u00a0y con Correo electr\u00f3nico: Protecci\u00f3n.datos.personales@dermoplastik.com protege y salvaguarda sus Datos Personales para evitar el da\u00f1o, p\u00e9rdida, destrucci\u00f3n, robo, extrav\u00edo, alteraci\u00f3n, as\u00ed como el tratamiento no autorizado de su informaci\u00f3n.<\/p>\r\n<p class=\"p5\"><b>II. DATOS SOMETIDOS A TRATAMIENTO.<\/b><\/p>\r\n<p class=\"p5\"><span class=\"s1\">Punto Derma<\/span> podr\u00e1 recabar y en su caso, tratar los Datos Personales que a continuaci\u00f3n se especifican y cualquier otro que se solicite para la integraci\u00f3n en cada caso del expediente cl\u00ednico:<\/p>\r\n<ul>\r\n<li class=\"p7\">Nombre completo;<\/li>\r\n<li class=\"p7\">Sexo<\/li>\r\n<li class=\"p7\">Fecha de nacimiento;<\/li>\r\n<li class=\"p7\">Estado Civil<\/li>\r\n<li class=\"p7\">Domicilio;<\/li>\r\n<li class=\"p7\">Ocupaci\u00f3n;<\/li>\r\n<li class=\"p7\">Tel\u00e9fono particular, celular y\/o correo electr\u00f3nico; y<\/li>\r\n<li class=\"p7\">Lugar de nacimiento.<\/li>\r\n<\/ul>\r\n<p class=\"p5\"><span class=\"s1\">Punto Derma<\/span> podr\u00e1 de la misma forma recabar y, en su caso, tratar Datos Cl\u00ednicos Personales sensibles tales como:<\/p>\r\n<ul>\r\n<li class=\"p7\">Estado de salud;<\/li>\r\n<li class=\"p7\">Condiciones m\u00e9dicas actuales o previas;<\/li>\r\n<li class=\"p7\">Medicamentos y tratamientos que el paciente tome o haya tomado;<\/li>\r\n<li class=\"p7\">Antecedentes heredofamiliares;<\/li>\r\n<li class=\"p7\">Antecedentes personales patol\u00f3gicos;<\/li>\r\n<li class=\"p7\">Antecedentes de enfermedades infectocontagiosas,<\/li>\r\n<li class=\"p7\">Enfermedades sistem\u00e1ticas,<\/li>\r\n<li class=\"p7\">Grupo sangu\u00edneo,<\/li>\r\n<li class=\"p7\">Alergias,<\/li>\r\n<li class=\"p7\">Constancias m\u00e9dicas,<\/li>\r\n<li class=\"p7\">Estado civil,<\/li>\r\n<li class=\"p7\">Ocupaci\u00f3n,<\/li>\r\n<li class=\"p7\">Edad,<\/li>\r\n<li class=\"p7\">G\u00e9nero, y<\/li>\r\n<li class=\"p7\">Datos bancarios y de facturaci\u00f3n.<\/li>\r\n<\/ul>\r\n<p class=\"p8\">\u00a0<\/p>\r\n<p class=\"p8\"><b>III. FINALIDADES DEL TRATAMIENTO DE DATOS.<\/b><\/p>\r\n<p class=\"p5\"><span class=\"s1\">Punto Derma<\/span> recaba, utiliza, almacena, transmite y\/o transfiere sus Datos Personales, en la medida en que la Ley lo permite, para los siguientes fines:<\/p>\r\n<ul>\r\n<li class=\"p9\">Proporcionar informaci\u00f3n en el caso de complicaciones en tratamientos para atenci\u00f3n especializada;<\/li>\r\n<li class=\"p9\">Creaci\u00f3n, estudio, an\u00e1lisis, actualizaci\u00f3n y conservaci\u00f3n de historial m\u00e9dico y expediente cl\u00ednico del paciente;<\/li>\r\n<li class=\"p9\">Conocer los antecedentes personales patol\u00f3gicos de los pacientes, de manera completa, concisa y detallada, a efecto de saber su estado de salud general, interacci\u00f3n de medicamentos, indicaci\u00f3n y contraindicaciones;<\/li>\r\n<li class=\"p9\">Evaluar y proporcionar las mejores alternativas de tratamiento dermatol\u00f3gico y est\u00e9ticos;<\/li>\r\n<li class=\"p9\">Prestaci\u00f3n de sservicios dermatol\u00f3gicos, incluyendo el diagn\u00f3stico, consultas, y dem\u00e1s fines relacionados con servicios de salud\u00a0 para la piel;<\/li>\r\n<li class=\"p9\">Facturaci\u00f3n y cobranza por servicios;<\/li>\r\n<li class=\"p9\">Estudios, registros, estad\u00edsticas y an\u00e1lisis de informaci\u00f3n m\u00e9dica y de salud; y<\/li>\r\n<li class=\"p9\">An\u00e1lisis estad\u00edsticos y de mercado.<\/li>\r\n<\/ul>\r\n<p class=\"p5\">Asimismo,<span class=\"Apple-converted-space\">\u00a0 <span class=\"s1\">Punto Derma<\/span><\/span>\u00a0podr\u00e1 hacer uso de sus Datos Personales para otras finalidades, an\u00e1logas a las anteriores.<\/p>\r\n<p class=\"p5\">Cabe se\u00f1alar que \u00fanicamente el personal autorizado por <span class=\"s1\">Punto Derma<\/span> podr\u00e1 participar en el tratamiento de sus Datos Personales. Por disposici\u00f3n del Reglamento de la Ley General de Salud en Materia de Prestaci\u00f3n de Servicios de Atenci\u00f3n M\u00e9dica, podremos compartir la informaci\u00f3n de diagn\u00f3stico y m\u00e9dica con la Secretar\u00eda de Salud si as\u00ed lo requiere.<\/p>\r\n<p class=\"p5\">Dicho personal autorizado tiene prohibido utilizar sus Datos Personales para fines distintos a los establecidos en el presente Aviso de Privacidad. La obligaci\u00f3n de confidencialidad de las personas que participan en el tratamiento de sus Datos Personales subsistir\u00e1 aun despu\u00e9s de finalizada su relaci\u00f3n laboral y\/o de servicios con <span class=\"s1\">Punto Derma<\/span>.<\/p>\r\n<p class=\"p5\">IV. MECANISMOS DE NEGATIVA A TRATAMIENTOS DE DATOS.<\/p>\r\n<p class=\"p5\">En caso de que el paciente no desee que <span class=\"s1\">Punto Derma<\/span> realice el tratamiento o uso de sus Datos Personales puede manifestarlo as\u00ed al final del presente Aviso de Privacidad. De lo contario, se entender\u00e1 que usted est\u00e1 de acuerdo con el tratamiento de sus Datos Personales y con el presente Aviso de Privacidad, pudiendo en el futuro modificar su voluntad.<\/p>\r\n<p class=\"p5\">Para cualquier modificaci\u00f3n ser\u00e1 necesario agotar el siguiente procedimiento:<\/p>\r\n<p class=\"p9\">1.<span class=\"s5\">\u00a0\u00a0\u00a0\u00a0<\/span>Presentar negativa de manera personal en el \u00e1rea de Administraci\u00f3n de <span class=\"s1\">Punto Derma<\/span>, ubicada en AV. MIGUEL ALEMAN 120 1 L19, PARQUE INDUSTRIAL MILIMEX, CIUDAD APODACA, C.P. <span class=\"LrzXr\">66637<\/span>, Nuevo Le\u00f3n., M\u00e9xico y portal de internet <span class=\"s3\">www.puntoderma.com.mx\/miguel-aleman<\/span>, o v\u00eda correo electr\u00f3nico al siguiente: <br \/><a href=\"mailto:Protecci%C3%B3n.datos.personales@dermoplastik.com\"><span class=\"s3\">Protecci\u00f3n.datos.personales@dermoplastik.com<\/span><\/a> y siempre que en este \u00faltimo caso se presente a realizar su solicitud de manera personal.<\/p>\r\n<p class=\"p9\">2.<span class=\"s5\">\u00a0\u00a0\u00a0\u00a0<\/span>Las solicitudes de ejercicio de Derechos ARCO, ser\u00e1n atendidas de conformidad con el art\u00edculo 32 de la Ley, en un plazo m\u00e1ximo de 20 (veinte) d\u00edas, contados desde la fecha en que se recibi\u00f3 la solicitud a efecto de que, si resulta procedente, se haga efectiva la misma dentro de los 15 (quince) d\u00edas siguientes a la fecha en que se comunica la respuesta.<\/p>\r\n<p class=\"p9\">3.<span class=\"s5\">\u00a0\u00a0\u00a0\u00a0<\/span>En caso de ser necesario, se le deber\u00e1 notificar a trav\u00e9s de los medios de contacto que haya establecido.<\/p>\r\n<p class=\"p5\">El ejercicio de los Derechos ARCO antes mencionados podr\u00e1 limitarse por motivos de seguridad nacional, disposiciones de orden p\u00fablico, seguridad y salud p\u00fablica o bien con la finalidad de proteger los derechos de terceras personas, en los casos y con los alcances previstos en las leyes aplicables en la materia, o bien mediante resoluci\u00f3n de la autoridad competente debidamente fundada y motivada.<\/p>\r\n<p class=\"p5\"><b>V. TRANSFERENCIA DE DATOS PERSONALES Y SU FINALIDAD.<\/b><\/p>\r\n<p class=\"p5\">Como parte de las operaciones propias del negocio y con el prop\u00f3sito de cumplir con las finalidades aqu\u00ed establecidas, <span class=\"s1\">Punto Derma<\/span> podr\u00e1 compartir con terceros, nacionales o extranjeros, algunos o todos sus Datos Personales. Dichos terceros podr\u00e1n ser compa\u00f1\u00edas matrices, afiliadas o subsidiarias, asesores profesionales externos; laboratorios; cl\u00ednicas; hospitales; centros de investigaci\u00f3n, aseguradoras; organismos; organizaciones y\/u otros prestadores que ofrezcan servicios odontol\u00f3gicos y\/o especialistas; y, en general, cualquier tercero que act\u00fae como encargado a nombre y por nuestra cuenta y\/o realice para <span class=\"s1\">Punto Derma<\/span> sus filiales y\/o subsidiarias cualquier servicio de especialidad odontol\u00f3gica. Los terceros estar\u00e1n obligados a conocer el Aviso de Privacidad y tratar sus datos conforme sus t\u00e9rminos y condiciones.<\/p>\r\n<p class=\"p5\">De la misma forma, <span class=\"s1\">Punto Derma<\/span> podr\u00e1 transferir sus Datos Personales a terceros, nacionales o extranjeros, cuando dicha comunicaci\u00f3n de datos est\u00e9 prevista en <span class=\"s1\">Punto Derma<\/span>, o bien, cuando sea requerido por resoluci\u00f3n de autoridad competente.<\/p>\r\n<p class=\"p5\"><b>VI. ACEPTACI\u00d3N DE TRANSFERENCIA DE DATOS PERSONALES.<\/b><\/p>\r\n<p class=\"p5\">En virtud de que transferiremos sus Datos Personales, ordinarios y sensibles, requerimos su consentimiento expreso de acuerdo con lo establecido en los art\u00edculos 9, 36 y 37 de la Ley en materia, por lo que solicitamos nos indique si acepta o no dicha transferencia.<\/p>\r\n<p class=\"p5\">Al aceptar el presente Aviso de Privacidad, el titular\u00a0consiente\u00a0que\u00a0sus\u00a0Datos Personales de cualquier naturaleza, incluyendo los sensibles, sean transferidos conforme a los t\u00e9rminos y condiciones del presente.<\/p>\r\n<p class=\"p5\">La informaci\u00f3n de la llamada ser\u00e1 proporcionada exclusivamente al paciente y al personal autorizado, mismo que se sujeta a los t\u00e9rminos y condiciones del presente Aviso de Privacidad y principio de confidencialidad.<\/p>\r\n<p class=\"p5\"><b>VII. MEDIOS Y PROCEDIMIENTO PARA EL EJERCICIO DE DERECHOS ARCO.<\/b><\/p>\r\n<p class=\"p5\">El titular podr\u00e1 ejercer ante el encargado de Datos Personales designado por <span class=\"s1\">Punto Derma<\/span> los Derechos ARCO, establecidos en la Ley que regula el presente Aviso de Privacidad. Asimismo, podr\u00e1 revocar, en todo momento, el consentimiento que haya otorgado para el tratamiento de sus Datos Personales y\/o solicitar que se limite el uso o divulgaci\u00f3n de sus Datos Personales conforme a lo siguiente:<\/p>\r\n<p class=\"p9\">1.<span class=\"s5\">\u00a0\u00a0\u00a0\u00a0\u00a0\u00a0\u00a0<\/span>Deber\u00e1 presentar una solicitud escrita y de manera personal, dirigida al encargado de Datos Personales, ubicado en: AV. MIGUEL ALEMAN 120 1 L19, PARQUE INDUSTRIAL MILIMEX, CIUDAD APODACA, C.P. <span class=\"LrzXr\">66637<\/span>, Nuevo Le\u00f3n., M\u00e9xico y\/o mediante correo electr\u00f3nico a la siguiente direcci\u00f3n: <a href=\"mailto:Protecci%C3%B3n.datos.personales@dermoplastik.com\"><span class=\"s1\">Protecci\u00f3n.datos.personales@dermoplastik.com<\/span><\/a> Sin embargo, en este \u00faltimo caso ser\u00e1 indispensable que el paciente se presente a ratificar su solicitud de manera personal.<\/p>\r\n<p class=\"p9\">2.<span class=\"s5\">\u00a0\u00a0\u00a0\u00a0\u00a0\u00a0\u00a0<\/span>Dicha solicitud deber\u00e1 contener los siguientes datos:<\/p>\r\n<ul>\r\n<li class=\"p10\">Nombre del titular y domicilio u otro medio para comunicarle la respuesta a su solicitud;<\/li>\r\n<li class=\"p10\">Documentos que acrediten la identidad o, en su caso, la representaci\u00f3n legal del titular de los Datos Personales;<\/li>\r\n<li class=\"p10\">Descripci\u00f3n clara y precisa de los Datos Personales respecto de los que se busca ejercer alguno de los derechos aqu\u00ed referidos; y,<\/li>\r\n<li class=\"p10\">Cualquier otro elemento o documento que facilite la localizaci\u00f3n de los Datos Personales respecto de los cuales se presenta la solicitud.<\/li>\r\n<\/ul>\r\n<p>3.<span class=\"s5\">\u00a0\u00a0\u00a0\u00a0\u00a0\u00a0\u00a0<\/span>Una vez recibida la solicitud por el encargado de Datos Personales, proceder\u00e1 a atenderla dentro de los 10 (diez) d\u00edas h\u00e1biles siguientes. En caso de que <span class=\"s1\">Punto Derma<\/span> tenga alg\u00fan contratiempo se estar\u00e1 a los t\u00e9rminos establecidos en la Ley.<\/p>\r\n<p class=\"p9\">4.<span class=\"s5\">\u00a0\u00a0\u00a0\u00a0\u00a0\u00a0\u00a0<\/span>Transcurrido el plazo descrito en el p\u00e1rrafo que antecede, <span class=\"s1\">Punto Derma<\/span> por conducto de su encargado de Datos Personales le notificar\u00e1 por escrito o correo electr\u00f3nico (seg\u00fan lo requiera el titular), el resultado de su petici\u00f3n, acompa\u00f1\u00e1ndola en su caso, de copias simples o electr\u00f3nicas de la informaci\u00f3n solicitada.<\/p>\r\n<p class=\"p5\">Conforme al art\u00edculo 21 del Reglamento de la Ley, en todo momento usted podr\u00e1 revocar el consentimiento que nos ha otorgado para el tratamiento de sus Datos Personales, a fin de que dejemos de hacer uso y transferencia de los mismos. Dicha revocaci\u00f3n se realizar\u00e1 mediante la utilizaci\u00f3n de los mecanismos previstos para ello en este documento.<\/p>\r\n<p class=\"p5\">Para mayor informaci\u00f3n o en caso de duda agradeceremos ponerse en contacto con el Encargado de Datos Personales.<\/p>\r\n<p class=\"p5\"><b>VIII. PROTECCI\u00d3N\u00a0DE DATOS A TRAV\u00c9S DE PLATAFORMAS ELECTR\u00d3NICAS.<\/b><\/p>\r\n<p class=\"p5\">Dado que la prestaci\u00f3n del servicio ser\u00e1 a trav\u00e9s de videollamadas en la plataforma digital de <span class=\"s1\">Punto Derma<\/span>, al aceptar el presente Aviso de Privacidad, el titular acepta los t\u00e9rminos y condiciones de la plataforma. Las llamadas no podr\u00e1n ser grabadas. El titular acepta que las mismas puedan ser monitoreadas por el personal autorizado de <span class=\"s1\">Punto Derma<\/span>.<\/p>\r\n<p class=\"p5\">La informaci\u00f3n de la llamada ser\u00e1 proporcionada exclusivamente al paciente y al personal autorizado, mismo que se sujeta a los t\u00e9rminos y condiciones del presente Aviso de Privacidad y principio de confidencialidad.<\/p>\r\n<p class=\"p11\"><b>\u00a0<\/b><\/p>\r\n<p class=\"p5\"><b>IX. CAMBIOS AL AVISO DE PRIVACIDAD.<\/b><\/p>\r\n<p class=\"p5\">En caso de existir cambios o modificaciones, totales o parciales al presente Aviso de Privacidad, se pondr\u00e1 a su disposici\u00f3n la versi\u00f3n actualizada del mismo a trav\u00e9s del portal de internet <span class=\"s1\">Punto Derma<\/span>.<\/p>\r\n<p class=\"p5\">Se hace constar que <span class=\"s1\">Punto Derma<\/span> ha implementado una pol\u00edtica, procedimiento, medidas de seguridad, t\u00e9cnicas, administrativas y f\u00edsicas, necesarias para procurar la integridad de sus Datos Personales y evitar su da\u00f1o, p\u00e9rdida, alteraci\u00f3n, destrucci\u00f3n o el uso, acceso o tratamiento no autorizado a los mismos.<\/p>\r\n<p class=\"p12\">El paciente manifiesta que\u00a0ha\u00a0le\u00eddo y entendido el presente Aviso de Privacidad y otorga\u00a0su\u00a0consentimiento, para los casos en que sea necesario, para el tratamiento de sus Datos Personales en los t\u00e9rminos del presente.<\/p>\r\n<p class=\"p12\">Al aceptar los T\u00e9rminos y Condiciones de los servicios, a la vez el paciente acepta los t\u00e9rminos y condiciones del presente Aviso de Privacidad. Asimismo, le informamos que, ante la negativa de respuesta a la solicitud de Derechos ARCO o inconformidad con la misma, el paciente puede presentar ante el Instituto Federal de Acceso a la Informaci\u00f3n y Protecci\u00f3n de Datos, la correspondiente Solicitud de Protecci\u00f3n de Derechos en los plazos y t\u00e9rminos fijados por la Ley y su Reglamento.<\/p>\r\n<p class=\"p12\">El paciente consiente que, pasados 3 (tres) a\u00f1os de la terminaci\u00f3n de los tratamientos odontol\u00f3gicos a los que se somete, <span class=\"s1\">Punto Derma<\/span> podr\u00e1 cancelar los Datos Personales y Datos Sensibles, que con motivo de dichos tratamientos le haya proporcionado, por lo que, a partir de dicha fecha, <span class=\"s1\">Punto Derma<\/span> no podr\u00e1 hacer uso de sus Datos Personales y Datos Sensibles en los t\u00e9rminos establecidos en el presente Aviso de Privacidad.<\/p>\r\n<p class=\"p12\">El\u00a0titular manifiesta que ha le\u00eddo y entiende el presente Aviso y otorga su consentimiento para el tratamiento de sus\u00a0Datos\u00a0Personales y\u00a0Datos\u00a0Sensibles, para las finalidades aqu\u00ed establecidas, as\u00ed como la transferencia de los mismos, en los t\u00e9rminos del presente.<\/p>\r\n<p class=\"p12\">Asimismo, manifiesta que sus\u00a0Datos\u00a0Personales y\u00a0Datos\u00a0Sensibles son exactos, aut\u00e9nticos y completos, y por lo tanto reconoce que es el \u00fanico responsable de la exactitud, veracidad y autenticidad de los mismos.<\/p>\r\n<p class=\"p12\">Este Aviso de Privacidad entrar\u00e1 en vigor desde su aceptaci\u00f3n para los nuevos pacientes y estar\u00e1 vigente desde 10 de Mayo de 2014. \u00daltima modificaci\u00f3n 30 de Julio de 2025.<\/p>","protected":false},"excerpt":{"rendered":"<p>DERPOINT S.A. de C.V. Por medio del presente Aviso de  [&hellip;]<\/p>\n","protected":false},"author":1,"featured_media":0,"parent":0,"menu_order":0,"comment_status":"closed","ping_status":"open","template":"","meta":{"footnotes":""},"class_list":["post-3","page","type-page","status-publish","hentry"],"_links":{"self":[{"href":"https:\/\/puntoderma.com.mx\/miguel-aleman\/wp-json\/wp\/v2\/pages\/3","targetHints":{"allow":["GET"]}}],"collection":[{"href":"https:\/\/puntoderma.com.mx\/miguel-aleman\/wp-json\/wp\/v2\/pages"}],"about":[{"href":"https:\/\/puntoderma.com.mx\/miguel-aleman\/wp-json\/wp\/v2\/types\/page"}],"author":[{"embeddable":true,"href":"https:\/\/puntoderma.com.mx\/miguel-aleman\/wp-json\/wp\/v2\/users\/1"}],"replies":[{"embeddable":true,"href":"https:\/\/puntoderma.com.mx\/miguel-aleman\/wp-json\/wp\/v2\/comments?post=3"}],"version-history":[{"count":2,"href":"https:\/\/puntoderma.com.mx\/miguel-aleman\/wp-json\/wp\/v2\/pages\/3\/revisions"}],"predecessor-version":[{"id":5342,"href":"https:\/\/puntoderma.com.mx\/miguel-aleman\/wp-json\/wp\/v2\/pages\/3\/revisions\/5342"}],"wp:attachment":[{"href":"https:\/\/puntoderma.com.mx\/miguel-aleman\/wp-json\/wp\/v2\/media?parent=3"}],"curies":[{"name":"wp","href":"https:\/\/api.w.org\/{rel}","templated":true}]}}